= -0*c + 4*k - 4. Suppose 0*t + 18 = 2*t + 4*m, -m = -3*t + 6. Suppose c = -t*n - 21 + 27. Calculate the highest common factor of 14 and n.
2
Let a(s) = -13*s**2 - 54*s - 5. Let g be a(-4). Suppose -3*y = 4*q - 57, -g*y + 45 = q - 21. Let x = 113 + 48. Calculate the highest common factor of y and x.
23
Suppose 5*x + 4262 = 4*j, -6*j + 5*x = -8*j + 2146. Suppose 21*y = j + 696. Calculate the highest common divisor of 56 and y.
28
Let u = 1 + 4. Let z = 8226 - 8206. What is the highest common divisor of u and z?
5
Let d be 12/(-1)*2*154/(-84). Let s = -632 - -1336. What is the greatest common divisor of d and s?
44
Suppose 428*f = 455*f - 891. Let q = -1 - -16. Let g = 18 - q. Calculate the greatest common factor of f and g.
3
Let p(h) = -5*h**2 + 3*h + h**3 - 7 - 13 - 16 + 32. Let u = -10 - -17. Let l be p(u). What is the highest common factor of l and 46?
23
Let v(k) = 4*k**2 - 2*k - 1. Let u be v(2). Let s = 6543 - 4233. Let n be (12/(-10))/((-63)/s). What is the greatest common factor of u and n?
11
Let j = 10568 + -10507. Calculate the greatest common divisor of j and 17.
1
Let u = 2283 + -1251. Suppose -267 + u = 5*k. What is the greatest common factor of 102 and k?
51
Suppose -5*m - 4*j = -428, -26*m + 27*m = -4*j + 92. Calculate the highest common factor of m and 1056.
12
Let m be (-22)/3*(-4 - -1). Let u = m + -10. Let i(b) = 5065*b - 131687. Let z be i(26). Calculate the highest common factor of z and u.
3
Suppose 4*c - 38 = -6. Suppose -2*s + s + c = 0. Let a be -150*s*4/(-24). Calculate the greatest common divisor of 25 and a.
25
Let o = 1481 - 77. Calculate the highest common divisor of o and 13.
13
Let f = 147 + -12. Suppose 0*l + l - 9779 = 2*r, -5*r + 2*l = 24446. Let h be (-4)/(-14) + r/(-91). What is the highest common factor of f and h?
27
Suppose 0 = 2*z + 14, -58*r + 63*r = -5*z - 15. What is the highest common factor of 3292 and r?
4
Suppose 7*z - 6 = 8. Suppose -4*c = z*c - 336. Let i be (-10)/15*(-21)/2. Calculate the greatest common divisor of i and c.
7
Suppose -5*v = 4*d - 113, 2*d - 2*v = -v + 39. Suppose 237*y + 226 = 239*y - 4*w, -621 = -5*y - 4*w. Calculate the greatest common divisor of d and y.
11
Let j(h) = h**3 + 12*h**2 + 19*h - 7. Let k be j(-9). Let m = k - 52. Suppose -4*o + 105 - m = 0. Calculate the highest common divisor of o and 23.
23
Suppose 0 = -0*b + 3*b - 9. Suppose -254*c = -237*c - 68. Suppose -4*h - 19 = -3*q, -b*q + h - 4 = -c*q. Calculate the greatest common factor of q and 25.
5
Let g = -86 + 132. Suppose -g*h = -21*h - 13125. What is the greatest common factor of h and 30?
15
Let r = -1850 + 1990. What is the highest common factor of r and 3360?
140
Suppose -108*b + 4*k + 70692 = -104*b, 0 = -2*k - 12. Calculate the greatest common divisor of 351 and b.
117
Let x(h) = 13*h - 10. Let f be x(-4). Let k = -15 - f. Suppose -5 = 2*n - k. Calculate the greatest common divisor of 63 and n.
21
Let l(s) = 3*s**2 - 9*s - 1. Let h = -30 + 43. Suppose -5*x = -h + 43. Let u be l(x). What is the highest common divisor of u and 23?
23
Let z(n) = -n**3 + 16*n**2 - 29*n + 35. Let m be z(14). Let t be (-5)/1 - -1*530. Calculate the greatest common factor of m and t.
21
Suppose -5*o + 5*b + 520 = 0, 10*o - 15*o + 4*b + 521 = 0. Calculate the greatest common divisor of 1512 and o.
21
Let f(a) = 5*a**2 - 72*a - 752. Let h be f(-8). Calculate the highest common divisor of h and 18096.
48
Suppose 4*a + 2*z = 130, -a = z - 9 - 26. Suppose g - 61 - 80 = 2*s, -4*g + 5*s + 555 = 0. What is the greatest common factor of a and g?
15
Let l = 177 - 177. Suppose 0 = -q, 3*k + 0*q + 2*q - 12 = l. What is the greatest common factor of 5 and k?
1
Let n(p) = 2*p**2 - 2*p. Let j be n(3). Let x be j/8 - (1 + (-9)/(-2)). Let b be 42/(-28) - (234/x)/3. Calculate the highest common divisor of b and 72.
18
Let d(s) = -s**2 + 10. Let j be d(-3). Let k be (j/2)/((-7)/(-56)). Calculate the highest common factor of 128 and k.
4
Suppose -4*g + 2 = -138. Let p be (2 - 56/g)*(1 - -269). Suppose 7*j - j - p = 0. What is the highest common factor of 144 and j?
18
Let h be (-20 + 20)*1*2/(-4). Suppose 4*d - t - 188 = h, 2*d = 7*t - 3*t + 80. What is the highest common divisor of d and 144?
48
Let a = -39 + 41. Suppose -q = -0*q - 3*n - 8, 5*n + 30 = 5*q. Suppose -t + 5 = q*w, -2*t + w = -w - 22. Calculate the greatest common factor of t and a.
2
Suppose 38*o - 42*o + 14476 = 4*n, -14516 = -4*o + 4*n. What is the greatest common divisor of 48 and o?
24
Let l(f) = 3*f**3 - 208*f**2 - 47*f - 6508. Let c be l(70). Suppose 0 = b - 4. Calculate the greatest common factor of c and b.
2
Suppose -1148*l + 223 + 12405 = 0. Let t(u) = 5*u + 1. Let b be t(2). What is the greatest common divisor of b and l?
11
Let f(m) = 3*m - 11. Let x(s) = -s + 5. Let w(b) = -2*f(b) - 5*x(b). Let a be w(-11). Suppose a*k = 9*k - 108. Calculate the highest common factor of 12 and k.
12
Let w be 5308/68 + 12/(-204). What is the highest common factor of 8814 and w?
78
Suppose 192 = 2*x + 2*n, -2*x - x = -n - 284. Let p be 38/x + 948/5 - -5. What is the highest common factor of 260 and p?
65
Let a = 10197 + -9437. Calculate the greatest common factor of 40 and a.
40
Let b(w) = 13*w - 25. Suppose 173 + 297 = 10*y. Let x = y - 42. Let t be b(x). Calculate the greatest common factor of t and 240.
40
Suppose -3*p = 5*q - 185732, 2*q - 133*p - 74294 = -134*p. What is the highest common divisor of 50 and q?
50
Suppose 4*p - 8749 = -3*n, -12*n + 8*n = 4*p - 11664. What is the highest common factor of 220 and n?
55
Suppose -m + 4*w + 18 = 0, 59 = -44*m + 48*m - 3*w. What is the highest common factor of 5047 and m?
7
Let b(g) = g**3 + 26*g**2 + 26*g - 44. Let z be b(-17). Calculate the greatest common factor of z and 45.
45
Let y(s) = 10*s - 17. Let x be y(4). Let g be 3/2 + (10/4 - 1). Suppose -n = 4*n - 3*h - 587, -361 = -g*n + 4*h. What is the highest common divisor of n and x?
23
Let t be (3/12*1 - 294/24)*-60. What is the greatest common divisor of 1152 and t?
144
Let x = -189 + 801. Suppose 329 + 643 = -102*d + 129*d. What is the highest common factor of x and d?
36
Suppose -23 = d + 4*d - 2*z, 2*d + 15 = -5*z. Let r(y) = y + 6. Let l be r(d). Let b be l - 2 - 34/(-1). Calculate the greatest common divisor of b and 297.
33
Let t = -387 + 387. Suppose t = -5*x - 127 + 337. What is the greatest common divisor of x and 126?
42
Let t be ((-8)/10)/((-21390)/(-2675) - 8). Let d = -183 + t. Calculate the greatest common factor of d and 248.
31
Let b = 160 - 154. Suppose 2*v = i + 11, 3*v - b*i = -i - 1. Calculate the greatest common divisor of 36 and v.
4
Suppose -22*r + 19*r - 50700 = -8*r. Calculate the greatest common factor of 60 and r.
60
Let a be 1640/14 + (-21)/147. Suppose -10*b = -b - a. What is the greatest common factor of b and 104?
13
Let l(d) = 7*d**2 - 13*d - 29. Let m be l(-2). Calculate the highest common factor of m and 18950.
25
Let c = -312 - -313. Let m be c/((-7)/(-822)) - (-51)/(-119). Suppose -5*q + 15 = -10, 2*r + 5*q = 103. Calculate the greatest common divisor of r and m.
39
Suppose -33*p + 38008 = 13588. Calculate the highest common divisor of 407 and p.
37
Let o be (59/59)/((-3)/(-159)). What is the greatest common divisor of 2279 and o?
53
Let f = 32182 + -29494. Calculate the highest common factor of f and 6384.
336
Suppose -a = 1 - 4. Let h be (30/9)/(1/a). Let y = -1034 - -1104. What is the highest common divisor of y and h?
10
Let a(q) = -q**3 + 11*q**2 - 3*q - 78. Let y be a(4). Let s(b) = -b**3 + 8*b**2 - 7*b + 10. Let h be s(7). What is the highest common factor of h and y?
2
Suppose -53 = -2*f + 37. Suppose -13 = 12*r - 229. Suppose c - 31 = 4*i, -4*c + 4*i + r + 94 = 0. What is the highest common factor of f and c?
9
Let i(q) = 311*q + 40137. Let y be i(-129). Let f(z) = 4*z**2 + 3*z + 3. Let l be f(4). Let w = l + -43. Calculate the highest common divisor of w and y.
18
Let k be 10/6*72/60. Suppose 4*l - 72 = -2*q, 0 = 3*q - 0*l - k*l - 68. Suppose 7*w = 27*w - 2340. What is the greatest common divisor of q and w?
13
Suppose 59*n + 2*k = 62*n - 14, -2*k = 2. Suppose -m + 5*t = 2*t - 40, n*t - 20 = 0. What is the highest common divisor of m and 5?
5
Let i be (-178)/(-5) - 1296/810. Let g = 225 + -4. What is the greatest common divisor of g 